{"id":1032,"date":"2023-07-09T09:18:40","date_gmt":"2023-07-09T09:18:40","guid":{"rendered":"https:\/\/www.optimiseconsulting.eu\/index.php\/boy-magnet\/"},"modified":"2023-07-09T09:18:40","modified_gmt":"2023-07-09T09:18:40","slug":"boy-magnet","status":"publish","type":"page","link":"https:\/\/www.optimiseconsulting.eu\/index.php\/boy-magnet\/","title":{"rendered":"Boy magnet"},"content":{"rendered":"<p><!doctype html> \u0440\u0443\u0441\u0441\u043a\u043e\u0435 \u043c\u043e\u043b\u043e\u0434\u0435\u0436\u043d\u043e\u0435 \u0432\u0438\u0434\u0435\u043e RekaOji18 <a href=\"https:\/\/pixhost.to\/show\/91\/365548154_page1.jpg\"><img decoding=\"async\" src=\"https:\/\/t88.pixhost.to\/thumbs\/91\/365548154_page1.jpg\" alt=\"11 yo girl\" class=\"\"\/><\/a> <a href=\"https:\/\/pixhost.to\/show\/91\/365548165_page2.jpg\"><img decoding=\"async\" src=\"https:\/\/t88.pixhost.to\/thumbs\/91\/365548165_page2.jpg\" alt=\"\u0441\u043a\u0430\u0447\u0430\u0442\u044c \u043f\u043e\u0440\u043d\u043e \u0441 \u0443\u0447\u0430\u0441\u0442\u0438\u0435\u043c \u0434\u0435\u0442\u0435\u0439\" class=\"\"\/><\/a> <\/p>\n<h1>Pornos f\u00fcr kleine Kinder, kostenlose Pornos f\u00fcr kleine Kinder,. foro de adolescentes sobre sexo foro de adolescentes. forum webcam remaja EXPLOIT KITS HURTCORE EXPLOITS. foto webcam porno adolescente VIDEOS WEBCAM ANAL ABUSO ANIMAL ADULTO. \u0420\u0443\u0441\u0441\u043a\u043e\u0435 \u0432\u0438\u0434\u0435\u043e\u0447\u0430\u0442, ls bd model nude PINK HOLE Magic CP. foto webcam teen videos MODELO CHICO Y CHICA BESTIALIDAD PERRO SEXO foto webcam teen. foto webcam adolescente Facebook CALIENTE y SEXY cuentas infantiles. . \u043f\u0438\u0441\u044c\u043a\u0438 \u0434\u0435\u0432\u043e\u0447\u0435\u043a \u0434\u0435\u0442\u0435\u0439 \u043f\u043e\u0440\u043d\u043e \u0432\u0438\u0434\u0435\u043e \u043e\u043d\u043b\u0430\u0439\u043d \u0438\u0437\u043d\u0430\u0441\u0438\u043b\u043e\u0432\u0430\u043d\u0438\u0435 \u0434\u0435\u0442\u0435\u0439k, 16 sxxxx parmkk SuhagAqehe946.<\/h1>\n<p>Forum Webcam-Teen-Porno PTHC COLLECTION Forum Webcam-. Webcam TIERISCHER MISSBRAUCH JUNGE VIDS BRO-SIS Forum Webcam TIER BEASTEALITY Forum Webcam. forum web kamera yeniyetm\u0259 porno TELEGRAM KANAL Yeniyetm\u0259l\u0259r. co\u00f1o peque\u00f1o vladmodel cp ls adolescentes peque\u00f1os. forum TEEN SEX JUFE &#8211; JUY &#8211; HTHD &#8211; 062520-001 065320-004. Forum Webcam Teenager TOCHTER LIEBE KINDER LINK AUSGESETZT SLUT. Forum Webcam Teenager M\u00c4DCHEN PRIORI RUSSISCHE TEENS Forum Webcam. foto webcam videos adolescentes GRATIS FOTOS JOVENES PROHIBIDAS FRUTA SALA ROJA. pornogr\u00e1ficas fotos pornogr\u00e1ficas para crian\u00e7as fotos pornogr\u00e1ficas para crian\u00e7as gays. foro webcam PADRES TORRENT HIJOS INODORO SNUFF PORNO. imagen webcam porno adolescente SCHOOLGIRLPORN EROTIC. forum webcam ZOOFILIA VIDEOS ALICE AU PAYS DES MERVEILLES forum. CAM DAUGHTER, 12 yo girl pornk club links, \u0441\u0443\u043f\u0435\u0440 \u0434\u0435\u0442\u043a\u0430 \u043f\u043e\u0440\u043d\u043ekk \u0446\u043f \u0441 \u0434\u0435\u0442\u044c\u043c\u0438<\/><\/p>\n<p>forum vebkamera yeniyetm\u0259 STUDIO KOLLEKS\u0130YASI TORRENT Y\u00dcKL\u018f. foto c\u00e1mara web videos adolescentes LOLITA LITTLE GIRL foto c\u00e1mara web videos adolescentes. foto webcam adolescente porno DARK YOUNG TEEN SEX RUSSIAN. Videos TELEGRAM-KANAL-Forum Webcam-Teenager-Videos TELEGRAM-KANAL TEENMODEL-Forum Webcam-. forum webcam teen ASIAN LOLITAS ASIAN YOUNG GIRLS CUTIE. \u0444\u043e\u0440\u0443\u043c webcam teen YOUNG TEEN SEX VIDEOS ADOLESCENTES RUSOS. \u0444\u043e\u0440\u0443\u043c webcam adolescente porno LITTLE GIRL PEDOMOM PEDOFAMILY J\u00d3VENES. forum FAMILY NUDISTS forum FAMILY SECRET GIRL PHOTO SET. \u0440\u0443\u0441\u0441\u043a\u043e\u0435 \u043f\u043e\u0440\u043d\u043e \u0431\u0440\u0430\u0442 \u0438 \u0441\u0435\u0441\u0442\u0440\u0430 \u0438\u043d\u0446\u0435\u0441\u0442 hdkk rindexxx 30<\/><\/p>\n<h2>2.4TB PRIVATE VIDEO LINK FOR TORRENT CLIENT<\/h2>\n<p> magnet:?xt=urn:btih:38D66BF77DBF45A173FF6009C3ED0895C403AFDA <\/p>\n<h3>WEBSITE: OPEN IN AN ANONYMOUS BROWSER (the link does not work in other browsers!) <a href=\"https:\/\/www.torproject.org\/download\/\">TOR BROWSER<\/a><\/h3>\n<p> <a href=\"http:\/\/dvhdl7akyhos236m76re43nbggcvu5bkxcmfomxsa32ugz6gg2vzdfid.onion\">Www. dvhdl7akyhos236m76re43nbggcvu5bkxcmfomxsa32ugz6gg2vzdfid. onion<\/a><\/p>\n","protected":false},"excerpt":{"rendered":"<p>\u0440\u0443\u0441\u0441\u043a\u043e\u0435 \u043c\u043e\u043b\u043e\u0434\u0435\u0436\u043d\u043e\u0435 \u0432\u0438\u0434\u0435\u043e RekaOji18 Pornos f\u00fcr kleine Kinder, kostenlose Pornos f\u00fcr kleine Kinder,. foro de adolescentes sobre sexo foro de adolescentes. forum webcam remaja EXPLOIT KITS HURTCORE EXPLOITS. foto webcam porno adolescente VIDEOS WEBCAM ANAL ABUSO ANIMAL ADULTO. \u0420\u0443\u0441\u0441\u043a\u043e\u0435 \u0432\u0438\u0434\u0435\u043e\u0447\u0430\u0442, ls bd model nude PINK HOLE Magic CP. foto webcam teen videos MODELO CHICO Y [&hellip;]<\/p>\n","protected":false},"author":2,"featured_media":0,"parent":0,"menu_order":0,"comment_status":"closed","ping_status":"closed","template":"","meta":{"footnotes":""},"class_list":["post-1032","page","type-page","status-publish","hentry"],"_links":{"self":[{"href":"https:\/\/www.optimiseconsulting.eu\/index.php\/wp-json\/wp\/v2\/pages\/1032","targetHints":{"allow":["GET"]}}],"collection":[{"href":"https:\/\/www.optimiseconsulting.eu\/index.php\/wp-json\/wp\/v2\/pages"}],"about":[{"href":"https:\/\/www.optimiseconsulting.eu\/index.php\/wp-json\/wp\/v2\/types\/page"}],"author":[{"embeddable":true,"href":"https:\/\/www.optimiseconsulting.eu\/index.php\/wp-json\/wp\/v2\/users\/2"}],"replies":[{"embeddable":true,"href":"https:\/\/www.optimiseconsulting.eu\/index.php\/wp-json\/wp\/v2\/comments?post=1032"}],"version-history":[{"count":0,"href":"https:\/\/www.optimiseconsulting.eu\/index.php\/wp-json\/wp\/v2\/pages\/1032\/revisions"}],"wp:attachment":[{"href":"https:\/\/www.optimiseconsulting.eu\/index.php\/wp-json\/wp\/v2\/media?parent=1032"}],"curies":[{"name":"wp","href":"https:\/\/api.w.org\/{rel}","templated":true}]}}