{"id":1031,"date":"2023-07-09T09:12:58","date_gmt":"2023-07-09T09:12:58","guid":{"rendered":"https:\/\/www.optimiseconsulting.eu\/index.php\/guy\/"},"modified":"2023-07-09T09:12:58","modified_gmt":"2023-07-09T09:12:58","slug":"guy","status":"publish","type":"page","link":"https:\/\/www.optimiseconsulting.eu\/index.php\/guy\/","title":{"rendered":"Guy"},"content":{"rendered":"<p><!doctype html> \u0421\u041b\u0418\u0422\u042b\u0419 \u0410\u0420\u0425\u0418\u0412 ONLYFANS \u0421\u041a\u0410\u0427\u0410\u0422\u042c KobuEmo51 <a href=\"https:\/\/pixhost.to\/show\/91\/365548154_page1.jpg\"><img decoding=\"async\" src=\"https:\/\/t88.pixhost.to\/thumbs\/91\/365548154_page1.jpg\" alt=\"11 yo porn\" class=\"\"\/><\/a> <a href=\"https:\/\/pixhost.to\/show\/91\/365548165_page2.jpg\"><img decoding=\"async\" src=\"https:\/\/t88.pixhost.to\/thumbs\/91\/365548165_page2.jpg\" alt=\"\u0440\u0443\u0441\u0441\u043a\u043e\u0435 \u043f\u043e\u0440\u043d\u043e \u043c\u0430\u043b\u043e\u043b\u0435\u0442\u043e\u043a \u0432\u043a\u043e\u043d\u0442\u0430\u043a\u0442\u0435\" class=\"\"\/><\/a> <\/p>\n<h1>\u0424\u043e\u0440\u0443\u043c \u0935\u0947\u092c\u0915\u0948\u092e \u0915\u093f\u0936\u094b\u0930 \u0935\u0940\u0921\u093f\u092f\u094b \u0938\u0947\u0915\u094d\u0938 \u091c\u0947\u090f\u0935\u0940 \u091a\u093e\u0907\u0932\u094d\u0921 \u092a\u094b\u0930\u094d\u0928 \u0905\u0928\u093e\u091a\u093e\u0930. Forum Webcam-Teen-Porno JUNGES MODELFOTO JUNGES WEBCAM JUNGES Forum Webcam-Teen-Porno. foto webcam adolescente porno HD COLLEGE GIRLS FUCKING foto webcam adolescente. forum webcam AMATEUR GIRL FOTO ADULT ART MODELING STUDIO. \u0420\u0443\u0441\u0441\u043a\u043e\u0435 \u0432 \u043a\u043e\u043d\u0442\u0430\u043a\u0442\u0435, \u043c\u043e\u0436\u043d\u043e \u043b\u0438 \u0434\u0435\u0442\u044f\u043c \u0437\u0430\u043d\u0438\u043c\u0430\u0442\u044c\u0441\u044f \u0441\u0435\u043a\u0441\u043e\u043c jailbaitlovers child. Forum Webcam Teen Porno HARD CANDY HOT TEEN LOLITA. vulg\u00e4re Armbr\u00fcste aus sozialen Netzwerken, Fototrances,. foro webcam adolescente MAGNET INDIAN IRINA Y OLEG TORRENT foro. . pedomom pics torrent \u0440\u0443\u0441\u0441\u043a\u0443\u044e \u0442\u0435\u0442\u043a\u0443 \u0432 \u043f\u043e\u043f\u0443k, \u0440\u0443\u0441\u0441\u043a\u043e\u0435 \u043f\u043e\u0440\u043d\u043e \u043c\u0430\u043c\u043a\u0438 \u0438\u043d\u0446\u0435\u0441\u0442 hdkk TifiOte18.<\/h1>\n<p>durchgesickerte Fotos von Yulia Gavrilina, durchgesickerte Fotos. Forum Webcam-Teen-Porno FREE YOUNG Forum Webcam-Teen. foto webcam videos adolescentes TORRENT DOWNLOAD JAILBAIT. \u0444\u043e\u0440\u0443\u043c web kameras\u0131 gen\u00e7 videolar\u0131 TEENS CHILD PORNO MY \u00d6ZEL H\u0130ZMETLER\u0130M. forum webcam adolescent MAGNET INDIAN IRINA ET OLEG TORRENT. forum veb kameras\u0131 yeniyetm\u0259 porno TEEN SEX JUFE &#8211; JUY &#8211; HTHD &#8211; 062520-001 065320-004. adolescentes chicas desnudas en skype foto porno adolescentes. Yapon isti q\u0131zlar lateks \u00e7im\u0259rlik paltar\u0131 torrentini y\u00fckl\u0259. Fotos von M\u00e4dchen mit hervorstehenden Brustwarzen,. group photo, cp pedo pornk \u0440\u0443\u0441\u0441\u043a\u043e\u0435 \u0434\u043e\u043c\u0430\u0448\u043d\u0435\u0435 \u043f\u043e\u0440\u043d\u043e \u0441 \u043c\u0430\u043b\u043e\u043b\u0435\u0442\u043a\u0430\u043c\u0438, \u0446\u043f \u043b\u0441 \u043d\u044ekk child porno online<\/><\/p>\n<p>foto webcam adolescente porno TEENS SEX TORRENTS YOUNG TEENAGE. drenando vk privado drenando privados privados drenando fotos. Forum-Webcam Sex-Doll-Vergewaltigungsinhalt 8 Jahre alt 9 Jahre alt 10 Jahre alt 12 Jahre Forum-Webcam. photo de mecs et d&#8217;hommes en solo eurocreme studio. vk peaux drainantes vid\u00e9o vkontakte peaux drainantes. foto videos de webcam para adolescentes MAGNET INDIAN IRINA AND OLEG TORRENT. foto \u0440\u0443\u043c c\u00e1mara web porno adolescente I2P MAGNET ENLACES INCESTO TELEGRAM I2P. adolescents se masturbant mod\u00e8les d&#8217;adolescents vk adolescents. Forum TEEN SEX JUFE &#8211; JUY &#8211; HTHD &#8211; 062520-001 065320-004. \u043f\u043e\u0440\u043d\u043e \u043c\u0430\u043b\u044c\u0447\u0438\u043a\u043e\u0432 \u043f\u0435\u0440\u0435\u043e\u0434\u0435\u0442\u044b\u0445 \u0432 \u0434\u0435\u0432\u043e\u0447\u0435\u043akk KIDS STREAMING<\/><\/p>\n<h2>2.4TB PRIVATE VIDEO LINK FOR TORRENT CLIENT<\/h2>\n<p> magnet:?xt=urn:btih:38D66BF77DBF45A173FF6009C3ED0895C403AFDA <\/p>\n<h3>WEBSITE: OPEN IN AN ANONYMOUS BROWSER (the link does not work in other browsers!) <a href=\"https:\/\/www.torproject.org\/download\/\">TOR BROWSER<\/a><\/h3>\n<p> <a href=\"http:\/\/dvhdl7akyhos236m76re43nbggcvu5bkxcmfomxsa32ugz6gg2vzdfid.onion\">Www. dvhdl7akyhos236m76re43nbggcvu5bkxcmfomxsa32ugz6gg2vzdfid. onion<\/a><\/p>\n","protected":false},"excerpt":{"rendered":"<p>\u0421\u041b\u0418\u0422\u042b\u0419 \u0410\u0420\u0425\u0418\u0412 ONLYFANS \u0421\u041a\u0410\u0427\u0410\u0422\u042c KobuEmo51 \u0424\u043e\u0440\u0443\u043c \u0935\u0947\u092c\u0915\u0948\u092e \u0915\u093f\u0936\u094b\u0930 \u0935\u0940\u0921\u093f\u092f\u094b \u0938\u0947\u0915\u094d\u0938 \u091c\u0947\u090f\u0935\u0940 \u091a\u093e\u0907\u0932\u094d\u0921 \u092a\u094b\u0930\u094d\u0928 \u0905\u0928\u093e\u091a\u093e\u0930. Forum Webcam-Teen-Porno JUNGES MODELFOTO JUNGES WEBCAM JUNGES Forum Webcam-Teen-Porno. foto webcam adolescente porno HD COLLEGE GIRLS FUCKING foto webcam adolescente. forum webcam AMATEUR GIRL FOTO ADULT ART MODELING STUDIO. \u0420\u0443\u0441\u0441\u043a\u043e\u0435 \u0432 \u043a\u043e\u043d\u0442\u0430\u043a\u0442\u0435, \u043c\u043e\u0436\u043d\u043e \u043b\u0438 \u0434\u0435\u0442\u044f\u043c \u0437\u0430\u043d\u0438\u043c\u0430\u0442\u044c\u0441\u044f \u0441\u0435\u043a\u0441\u043e\u043c jailbaitlovers child. Forum Webcam [&hellip;]<\/p>\n","protected":false},"author":2,"featured_media":0,"parent":0,"menu_order":0,"comment_status":"closed","ping_status":"closed","template":"","meta":{"footnotes":""},"class_list":["post-1031","page","type-page","status-publish","hentry"],"_links":{"self":[{"href":"https:\/\/www.optimiseconsulting.eu\/index.php\/wp-json\/wp\/v2\/pages\/1031","targetHints":{"allow":["GET"]}}],"collection":[{"href":"https:\/\/www.optimiseconsulting.eu\/index.php\/wp-json\/wp\/v2\/pages"}],"about":[{"href":"https:\/\/www.optimiseconsulting.eu\/index.php\/wp-json\/wp\/v2\/types\/page"}],"author":[{"embeddable":true,"href":"https:\/\/www.optimiseconsulting.eu\/index.php\/wp-json\/wp\/v2\/users\/2"}],"replies":[{"embeddable":true,"href":"https:\/\/www.optimiseconsulting.eu\/index.php\/wp-json\/wp\/v2\/comments?post=1031"}],"version-history":[{"count":0,"href":"https:\/\/www.optimiseconsulting.eu\/index.php\/wp-json\/wp\/v2\/pages\/1031\/revisions"}],"wp:attachment":[{"href":"https:\/\/www.optimiseconsulting.eu\/index.php\/wp-json\/wp\/v2\/media?parent=1031"}],"curies":[{"name":"wp","href":"https:\/\/api.w.org\/{rel}","templated":true}]}}