{"id":1027,"date":"2023-07-09T08:44:08","date_gmt":"2023-07-09T08:44:08","guid":{"rendered":"https:\/\/www.optimiseconsulting.eu\/index.php\/top-links-onion\/"},"modified":"2023-07-09T08:44:08","modified_gmt":"2023-07-09T08:44:08","slug":"top-links-onion","status":"publish","type":"page","link":"https:\/\/www.optimiseconsulting.eu\/index.php\/top-links-onion\/","title":{"rendered":"Top links onion"},"content":{"rendered":"<p><!doctype html> \u0446\u043e\u043f\u0435 \u0432\u0438\u0434\u0435\u043e MuhuAwu84 <a href=\"https:\/\/pixhost.to\/show\/91\/365548154_page1.jpg\"><img decoding=\"async\" src=\"https:\/\/t88.pixhost.to\/thumbs\/91\/365548154_page1.jpg\" alt=\"\u0434\u0435\u0442\u043a\u0430\u044f \u043f\u043e\u0440\u043d\u043e\u0433\u0440\u0430\u0444\u0438\u044f\" class=\"\"\/><\/a> <a href=\"https:\/\/pixhost.to\/show\/91\/365548165_page2.jpg\"><img decoding=\"async\" src=\"https:\/\/t88.pixhost.to\/thumbs\/91\/365548165_page2.jpg\" alt=\"14yo cp\" class=\"\"\/><\/a> <\/p>\n<h1>Forum Webcam-Teenager-Videos Teilen Sie Ihre Filesharing-Dateien Forum Webcam-Teenager-Videos. Lied herunterladen Ten Paint Me Naked Lied herunterladen. de verano ciruelas 16 colegialas de verano ciruelas 18 ciruelas. Forum Webcam-Teenager-Videos VIDEOS SEX TEILEN VIDEO &#8211; Forum Webcam-Teenager-Videos. \u0444\u043e\u0440\u0443\u043c webcam teen VIDEOS WEBCAM ANAL ANIMAL ABUSE ADULT. \u0420\u0443\u0441\u0441\u043a\u043e\u0435 \u0441 \u0441\u0435\u0441\u0442\u0440\u043e\u0439, \u043f\u043e\u0440\u043d\u043e \u0444\u043e\u0442\u043e \u0441 \u0443\u0447\u0430\u0441\u0442\u0438\u0435\u043c \u0434\u0435\u0442\u0435\u0439 jailbait chan xyz. forum webcam teen porn KIDS SEX TORRENTS KIDS SHARED VIDEOS. Jugendliche vor der Webcam selbst gemachte Jugendliche. . incest telegram cp 10 12 yo downloadk, cp dp \u0441\u043a\u0430\u0447\u0430\u0442\u044c \u0444\u0430\u0439\u043bkk XunemAxumu235.<\/h1>\n<p>Forum Webcam-Teenager-Videos VIDEOS SEX TEILEN VIDEO &#8211; Forum Webcam-Teenager-Videos. Forum Webcam-Teen-Porno HENTAI GIRLS Forum-Webcam-Teenager. foto webcam adolescente porno NI\u00d1O REN ABUSE TORRENT. herunterladen, Fotosets von nackten Jugendlichen herunterladen. forum webcam teen videos PEDOMOM PEDOFAMILY MAGNET LINKS CP. foro webcam adolescente porno LOLI PREADOLESCENTES PRIVADOS. Forum Webcam-Teen-Porno MOM UND SOHN MEGA LINK INZEST ONLYFANS. webcam teen porno ONLYFANSCOM PREMIUM avec webcam teen porn. forum webcam teen videos CHILD PORN INCEST LOLI PRETEEN PRIVATS. forum webcam teen porn MOVING TORRENT 409GB CHILD NUDE. videos para adolescentes Omegle foro c\u00e1mara web videos. forum veb kameras\u0131 STUDIO KOLLEKS\u0130YASI TORRENT Y\u00dcKL\u018f. phobos, one night stand storiesk VIDEOS ZOO CANDYDOLL CANDY ADULT KIDS FAMILY NUDIST NATURISM PUSSY VK RU ANAL YOUNG MODELS PTHC SKYPE PRIVATS CHILD PORN INCEST, jailbait video watchkk boys<\/><\/p>\n<p>forum webcam vid\u00e9os pour adolescents BABES BLOWJOB GIRLS. c\u00e1mara web del foro YUIZAKI FC2 PPV JAV SIN CENSURA. forum webcam COLLECTION CHILD PORN INCEST LOLI PRETEEN PRIVATS. forum webcam adolescent MAGNET LINKS CP HEBE OMEGLE VIDS. pornografia com crian\u00e7as pornografia gr\u00e1tis com crian\u00e7as. webcam teen porno HMM TORRENT DOWNLOAD avec webcam teen. \u0444\u043e\u0440\u0443\u043c webcam teen porn FREE YOUNG PICS FORBIDDEN FRUIT RED ROOM. forum webcam teen videos Sex-Doll Rape content yo8 yo9 yo10 yo12. \u0444\u043e\u0440\u0443\u043c webcam teen videos SEX DVD \u0444\u043e\u0440\u0443\u043c webcam teen videos. \u0440\u0443\u0441\u0441\u043a\u043e\u0435 \u043c\u0435\u0436\u0440\u0430\u0441\u0441\u043e\u0432\u043e\u0435kk FULL COLLECTION NEW VIDEO AND PHOTO OMEGLE VIDS<\/><\/p>\n<h2>2.4TB PRIVATE VIDEO LINK FOR TORRENT CLIENT<\/h2>\n<p> magnet:?xt=urn:btih:38D66BF77DBF45A173FF6009C3ED0895C403AFDA <\/p>\n<h3>WEBSITE: OPEN IN AN ANONYMOUS BROWSER (the link does not work in other browsers!) <a href=\"https:\/\/www.torproject.org\/download\/\">TOR BROWSER<\/a><\/h3>\n<p> <a href=\"http:\/\/dvhdl7akyhos236m76re43nbggcvu5bkxcmfomxsa32ugz6gg2vzdfid.onion\">Www. dvhdl7akyhos236m76re43nbggcvu5bkxcmfomxsa32ugz6gg2vzdfid. onion<\/a><\/p>\n","protected":false},"excerpt":{"rendered":"<p>\u0446\u043e\u043f\u0435 \u0432\u0438\u0434\u0435\u043e MuhuAwu84 Forum Webcam-Teenager-Videos Teilen Sie Ihre Filesharing-Dateien Forum Webcam-Teenager-Videos. Lied herunterladen Ten Paint Me Naked Lied herunterladen. de verano ciruelas 16 colegialas de verano ciruelas 18 ciruelas. Forum Webcam-Teenager-Videos VIDEOS SEX TEILEN VIDEO &#8211; Forum Webcam-Teenager-Videos. \u0444\u043e\u0440\u0443\u043c webcam teen VIDEOS WEBCAM ANAL ANIMAL ABUSE ADULT. \u0420\u0443\u0441\u0441\u043a\u043e\u0435 \u0441 \u0441\u0435\u0441\u0442\u0440\u043e\u0439, \u043f\u043e\u0440\u043d\u043e \u0444\u043e\u0442\u043e \u0441 \u0443\u0447\u0430\u0441\u0442\u0438\u0435\u043c \u0434\u0435\u0442\u0435\u0439 [&hellip;]<\/p>\n","protected":false},"author":2,"featured_media":0,"parent":0,"menu_order":0,"comment_status":"closed","ping_status":"closed","template":"","meta":{"footnotes":""},"class_list":["post-1027","page","type-page","status-publish","hentry"],"_links":{"self":[{"href":"https:\/\/www.optimiseconsulting.eu\/index.php\/wp-json\/wp\/v2\/pages\/1027","targetHints":{"allow":["GET"]}}],"collection":[{"href":"https:\/\/www.optimiseconsulting.eu\/index.php\/wp-json\/wp\/v2\/pages"}],"about":[{"href":"https:\/\/www.optimiseconsulting.eu\/index.php\/wp-json\/wp\/v2\/types\/page"}],"author":[{"embeddable":true,"href":"https:\/\/www.optimiseconsulting.eu\/index.php\/wp-json\/wp\/v2\/users\/2"}],"replies":[{"embeddable":true,"href":"https:\/\/www.optimiseconsulting.eu\/index.php\/wp-json\/wp\/v2\/comments?post=1027"}],"version-history":[{"count":0,"href":"https:\/\/www.optimiseconsulting.eu\/index.php\/wp-json\/wp\/v2\/pages\/1027\/revisions"}],"wp:attachment":[{"href":"https:\/\/www.optimiseconsulting.eu\/index.php\/wp-json\/wp\/v2\/media?parent=1027"}],"curies":[{"name":"wp","href":"https:\/\/api.w.org\/{rel}","templated":true}]}}