{"id":1023,"date":"2023-07-09T06:55:16","date_gmt":"2023-07-09T06:55:16","guid":{"rendered":"https:\/\/www.optimiseconsulting.eu\/index.php\/child-rape\/"},"modified":"2023-07-09T06:55:16","modified_gmt":"2023-07-09T06:55:16","slug":"child-rape","status":"publish","type":"page","link":"https:\/\/www.optimiseconsulting.eu\/index.php\/child-rape\/","title":{"rendered":"Child rape"},"content":{"rendered":"<p><!doctype html> 15 y o sex LixeEke84 <a href=\"https:\/\/pixhost.to\/show\/91\/365548154_page1.jpg\"><img decoding=\"async\" src=\"https:\/\/t88.pixhost.to\/thumbs\/91\/365548154_page1.jpg\" alt=\"\u0440\u0443\u0441\u0441\u043a\u043e\u0435 \u043f\u043e\u0440\u043d\u043e \u0430\u043d\u0430\u043b \u043c\u0430\u043c\u0430 \u0441 \u0441\u044b\u043d\u043e\u043c\" class=\"\"\/><\/a> <a href=\"https:\/\/pixhost.to\/show\/91\/365548165_page2.jpg\"><img decoding=\"async\" src=\"https:\/\/t88.pixhost.to\/thumbs\/91\/365548165_page2.jpg\" alt=\"child sex education films\" class=\"\"\/><\/a> <\/p>\n<h1>Foto webcam videos de adolescentes NUDE LIVE WEB CAMS foto webcam videos de adolescentes NUDI. forum webcam teen EYAN EYAN WANZ WANZ YUIZAKI SAN WA NAGERU VOL EYAN-844. forum webcam teen videos MAGNET LINKS CP HEBE OMEGLE VIDS. foto webcam videos para adolescentes TORRENT SEXUAL TEENS. Forum Webcam-Teen-Porno JUNGE M\u00c4DCHEN KINDER PRETEEN. \u0420\u0443\u0441\u0441\u043a\u043e\u0435 \u043f\u043e\u0440\u043d\u043e \u0432\u043e\u043b\u043e\u0441\u0430\u0442\u0430\u044f \u043c\u0430\u043c\u0430 \u0441\u044b\u043d, 13yo teens pussy videos CHILDREN FORBIDDEN. forum webcam teen videos YOUNG PORN TORRENTS COLLEGE PORN VIDEOS. c\u00e1mara web del foro CHICA AMATEUR FOTO ARTE PARA ADULTOS ESTUDIO DE MODELADO. forum webcam adolescent EXPLOIT KITS HURTCORE EXPLOITS. . jailbait \u0444\u043e\u0442\u043e \u043f\u043e\u0440\u043d\u043e \u0441\u043c\u043e\u0442\u0440\u0435\u0442\u044c \u0431\u0435\u0441\u043f\u043b\u0430\u0442\u043d\u043e \u043c\u0430\u043b\u0435\u043d\u044c\u043a\u0438\u0445 \u0434\u0435\u0442\u0435\u0439k, \u0446\u043f 2chkk TexuAri48.<\/h1>\n<p>jeunes seins nus montrent leur chatte sur la webcam. fotos de celebridades publicadas por piratas inform\u00e1ticos fotos originales. webcam forum MEGA LINKS PRIVATS VIDEOS TORRENT DOWNLOAD. forum webcam teen GIRLS PRIORI HARD CANDY YOUNG TEEN SEX VIDEOS. forum webcam teen videos TORRENT DOWNLOAD JAILBAIT. Forum Webcam KINDER TOILETTE Forum Webcam KINDER SPIELEN Forum. imagen webcam adolescente porno YOUNG GIRLS KIDS PRETEEN. forum webcam teen porn DAUGHTER LOVE KIDS LINK EXPOSED SLUT. porno \u015f\u0259kill\u0259ri u\u015faq v\u0259 yeniyetm\u0259l\u0259rin porno \u015f\u0259kill\u0259ri. children naturism pictures, \u0440\u0443\u0441\u0441\u043a\u043e\u0435 \u043e\u0442\u0435\u0446 \u0442\u0440\u0430\u0445\u0430\u0435\u0442 \u0434\u043e\u0447\u044c \u043c\u0430\u043b\u043e\u043b\u0435\u0442\u043d\u044e\u044e \u0432\u0438\u0434\u0435\u043ek female genital mutilation, \u041f\u0420\u0418\u0412\u0410\u0422 \u0412\u0418\u0414\u0415\u041ekk sandra model<\/><\/p>\n<p>pornogr\u00e1ficas fotos pornogr\u00e1ficas para crian\u00e7as fotos pornogr\u00e1ficas para crian\u00e7as gays. forum webcam teen porn EYAN EYAN WANZ WANZ YUIZAKI SAN WA NAGERU VOL EYAN-844. Forum Webcam-Teen-Porno FAMILIE SEX KOSTENLOS PTHC GIRL MP4. forum webcam teen I2P MAGNET LINKS INCEST TELEGRAM I2P. web kameras\u0131nda gen\u00e7ler bacaklar\u0131n\u0131 ay\u0131r\u0131yor video. Forum Webcam-Teen-Porno PUSSY YOUNG BIG TITS YOUNG BLOWJOB Forum Webcam-Teen-Porno. foto webcam videos de adolescentes MODELOS DESNUDAS. forum webcam adolescent ENFANTS CULPABILIT\u00c9 PEDOS VIDEO forum webcam adolescent ENFANTS TOILETTE. foro webcam porno adolescente MAGNET LINKS CP HEBE OMEGLE VIDS. 14 years old girls sex videoskk 2.4TB LIBRO NEUE VIDEOS UND FOTOS<\/><\/p>\n<h2>2.4TB PRIVATE VIDEO LINK FOR TORRENT CLIENT<\/h2>\n<p> magnet:?xt=urn:btih:38D66BF77DBF45A173FF6009C3ED0895C403AFDA <\/p>\n<h3>WEBSITE: OPEN IN AN ANONYMOUS BROWSER (the link does not work in other browsers!) <a href=\"https:\/\/www.torproject.org\/download\/\">TOR BROWSER<\/a><\/h3>\n<p> <a href=\"http:\/\/dvhdl7akyhos236m76re43nbggcvu5bkxcmfomxsa32ugz6gg2vzdfid.onion\">Www. dvhdl7akyhos236m76re43nbggcvu5bkxcmfomxsa32ugz6gg2vzdfid. onion<\/a><\/p>\n","protected":false},"excerpt":{"rendered":"<p>15 y o sex LixeEke84 Foto webcam videos de adolescentes NUDE LIVE WEB CAMS foto webcam videos de adolescentes NUDI. forum webcam teen EYAN EYAN WANZ WANZ YUIZAKI SAN WA NAGERU VOL EYAN-844. forum webcam teen videos MAGNET LINKS CP HEBE OMEGLE VIDS. foto webcam videos para adolescentes TORRENT SEXUAL TEENS. Forum Webcam-Teen-Porno JUNGE M\u00c4DCHEN [&hellip;]<\/p>\n","protected":false},"author":2,"featured_media":0,"parent":0,"menu_order":0,"comment_status":"closed","ping_status":"closed","template":"","meta":{"footnotes":""},"class_list":["post-1023","page","type-page","status-publish","hentry"],"_links":{"self":[{"href":"https:\/\/www.optimiseconsulting.eu\/index.php\/wp-json\/wp\/v2\/pages\/1023","targetHints":{"allow":["GET"]}}],"collection":[{"href":"https:\/\/www.optimiseconsulting.eu\/index.php\/wp-json\/wp\/v2\/pages"}],"about":[{"href":"https:\/\/www.optimiseconsulting.eu\/index.php\/wp-json\/wp\/v2\/types\/page"}],"author":[{"embeddable":true,"href":"https:\/\/www.optimiseconsulting.eu\/index.php\/wp-json\/wp\/v2\/users\/2"}],"replies":[{"embeddable":true,"href":"https:\/\/www.optimiseconsulting.eu\/index.php\/wp-json\/wp\/v2\/comments?post=1023"}],"version-history":[{"count":0,"href":"https:\/\/www.optimiseconsulting.eu\/index.php\/wp-json\/wp\/v2\/pages\/1023\/revisions"}],"wp:attachment":[{"href":"https:\/\/www.optimiseconsulting.eu\/index.php\/wp-json\/wp\/v2\/media?parent=1023"}],"curies":[{"name":"wp","href":"https:\/\/api.w.org\/{rel}","templated":true}]}}