{"id":1022,"date":"2023-07-09T06:26:45","date_gmt":"2023-07-09T06:26:45","guid":{"rendered":"https:\/\/www.optimiseconsulting.eu\/index.php\/14-teens\/"},"modified":"2023-07-09T06:26:45","modified_gmt":"2023-07-09T06:26:45","slug":"14-teens","status":"publish","type":"page","link":"https:\/\/www.optimiseconsulting.eu\/index.php\/14-teens\/","title":{"rendered":"14 teens"},"content":{"rendered":"<p><!doctype html> \u0421\u041b\u0418\u0412 \u0426\u041f \u0412\u0418\u0414\u0415\u041e BahuIxa42 <a href=\"https:\/\/pixhost.to\/show\/91\/365548154_page1.jpg\"><img decoding=\"async\" src=\"https:\/\/t88.pixhost.to\/thumbs\/91\/365548154_page1.jpg\" alt=\"\u043c\u0430\u043b\u043e\u043c\u0435\u0442\u0440\u0430\u0436\u043d\u043e\u0435 \u043f\u043e\u0440\u043d\u043e \u0441\u043a\u0430\u0447\u0430\u0442\u044c \u0431\u0435\u0441\u043f\u043b\u0430\u0442\u043d\u043e\" class=\"\"\/><\/a> <a href=\"https:\/\/pixhost.to\/show\/91\/365548165_page2.jpg\"><img decoding=\"async\" src=\"https:\/\/t88.pixhost.to\/thumbs\/91\/365548165_page2.jpg\" alt=\"cp porno\" class=\"\"\/><\/a> <\/p>\n<h1>Foro NI\u00d1A PEQUE\u00d1A PEDOMOM PEDOFAMILIA J\u00d3VENES foro NI\u00d1A. foto webcam adolescente porno Menstruaci\u00f3n Ni\u00f1o Sex-Doll. webcam pour adolescents Vid\u00e9os T\u00e9l\u00e9chargement de fichiers T\u00e9l\u00e9chargez vos fichiers. \u0444\u043e\u0440\u0443\u043c web kameras\u0131 gen\u00e7 pornosu \u00c7OCUK PORNOSU ENSEST. Teen-Porno MODEL JUNGE UND M\u00c4DCHEN BEASTIALITY DOG SEX. \u0420\u0443\u0441\u0441\u043a\u043e\u0435 \u043f\u043e\u0440\u043d\u043e \u0432\u0438\u0434\u0435\u043e \u043f\u0430\u043f\u0430 \u043d\u0430\u0441\u0438\u043b\u0443\u0435\u0442 \u0434\u043e\u0447\u044c, \u0440\u043e\u0434\u0438\u0442\u0435\u043b\u0438 \u0435\u0431\u0443\u0442 \u0434\u0435\u0442\u0435\u0439 \u043f\u043e\u0440\u043d\u043e \u0432\u0438\u0434\u0435\u043e child porno torrent. Forum Webcam Teen Videos WEB CAMS SEX PERSONALS VIDEO. \u0444\u043e\u0440\u0443\u043c webcam porno adolescente MAGNET TORRENT DESCARGAR. . 11 yo naked dar knetk, cp magnetkk TohaAgi79.<\/h1>\n<p>foto webcam adolescente pornograf\u00eda TELEGRAM CHANNEL Teens. forum webcam Partagez vos fichiers partage de fichiers. webcam teen porn PUSSY YOUNG BIG TITS YOUNG BLOWJOB avec. porno pour petits enfants porno vid\u00e9o gratuit pour. forum web kameras\u0131 yeniyetm\u0259 videolar\u0131 SEX JAV U\u015eAQ PORNASI INCEST. foro webcam CHILD PORN INCEST LOLI PRETEEN PRIVATS. forum webcam teen porn Teens XXX CP VIDEOS CHILD PORN. entleeren Instasamka vollst\u00e4ndiges Video in VK entleert eine. forum webcam adolescent ANIMAL ABUS BOY VIDS BRO-SIS. von russischen Schulm\u00e4dchen, Entleerung von Videos von russischen Schulm\u00e4dchen,. jailbait teen video, \u0446\u043f \u0447\u0430\u0442\u044b \u0432 \u0442\u0435\u043b\u0435\u0433\u0440\u0430\u043c\u043c\u0435k \u043f\u043e\u043f\u043a\u0438 \u043c\u0430\u043b\u043e\u043b\u0435\u0442\u043e\u043a \u0432\u0438\u0434\u0435\u043e, \u0440\u0443\u0441\u0441\u043a\u043e\u0435 \u043f\u043e\u0440\u043d\u043e \u0441 \u043f\u0435\u0440\u0438\u0441\u043a\u043e\u043f\u0430kk 14 yo fucking<\/><\/p>\n<p>foro webcam videos adolescentes KIDS SHARE VIDEOS foro webcam videos adolescentes. \u092a\u0930 \u0935\u0947\u092c\u0915\u0948\u092e \u0915\u093f\u0936\u094b\u0930 \u0905\u0936\u094d\u0932\u0940\u0932 \u0928\u0947\u0915\u094d\u0930\u094b \u0928\u0947\u0915\u094d\u0930\u094b\u092b\u093f\u0932\u093f\u092f\u093e \u0913\u092e\u0947\u0917\u0932 \u0928\u0947. forum webcam teen porn MOM AND SON MEGA LINK INCEST ONLYFANS. c\u00e1mara web del foro Share your Files sharing files c\u00e1mara web. forum webcam adolescent DVD \u00c9ROTIQUE CHILD IN PANTIES. \u0444\u043e\u0440\u0443\u043c webcam teen porn CANDYDOLL CANDY ADULT KIDS FAMILY. Forum-Webcam EYAN EYAN WANZ WANZ YUIZAKI SAN WA NAGERU VOL EYAN-844 Forum-Webcam. \u015f\u0259kill\u0259ri unisex q\u0131zlar foto\u015f\u0259kili evd\u0259 haz\u0131rlanm\u0131\u015f g\u00f6r\u00fcn\u00fc\u015f q\u0131zlar. cp teen forumkk add to a collection<\/><\/p>\n<h2>2.4TB PRIVATE VIDEO LINK FOR TORRENT CLIENT<\/h2>\n<p> magnet:?xt=urn:btih:38D66BF77DBF45A173FF6009C3ED0895C403AFDA <\/p>\n<h3>WEBSITE: OPEN IN AN ANONYMOUS BROWSER (the link does not work in other browsers!) <a href=\"https:\/\/www.torproject.org\/download\/\">TOR BROWSER<\/a><\/h3>\n<p> <a href=\"http:\/\/dvhdl7akyhos236m76re43nbggcvu5bkxcmfomxsa32ugz6gg2vzdfid.onion\">Www. dvhdl7akyhos236m76re43nbggcvu5bkxcmfomxsa32ugz6gg2vzdfid. onion<\/a><\/p>\n","protected":false},"excerpt":{"rendered":"<p>\u0421\u041b\u0418\u0412 \u0426\u041f \u0412\u0418\u0414\u0415\u041e BahuIxa42 Foro NI\u00d1A PEQUE\u00d1A PEDOMOM PEDOFAMILIA J\u00d3VENES foro NI\u00d1A. foto webcam adolescente porno Menstruaci\u00f3n Ni\u00f1o Sex-Doll. webcam pour adolescents Vid\u00e9os T\u00e9l\u00e9chargement de fichiers T\u00e9l\u00e9chargez vos fichiers. \u0444\u043e\u0440\u0443\u043c web kameras\u0131 gen\u00e7 pornosu \u00c7OCUK PORNOSU ENSEST. Teen-Porno MODEL JUNGE UND M\u00c4DCHEN BEASTIALITY DOG SEX. \u0420\u0443\u0441\u0441\u043a\u043e\u0435 \u043f\u043e\u0440\u043d\u043e \u0432\u0438\u0434\u0435\u043e \u043f\u0430\u043f\u0430 \u043d\u0430\u0441\u0438\u043b\u0443\u0435\u0442 \u0434\u043e\u0447\u044c, \u0440\u043e\u0434\u0438\u0442\u0435\u043b\u0438 \u0435\u0431\u0443\u0442 \u0434\u0435\u0442\u0435\u0439 \u043f\u043e\u0440\u043d\u043e [&hellip;]<\/p>\n","protected":false},"author":2,"featured_media":0,"parent":0,"menu_order":0,"comment_status":"closed","ping_status":"closed","template":"","meta":{"footnotes":""},"class_list":["post-1022","page","type-page","status-publish","hentry"],"_links":{"self":[{"href":"https:\/\/www.optimiseconsulting.eu\/index.php\/wp-json\/wp\/v2\/pages\/1022","targetHints":{"allow":["GET"]}}],"collection":[{"href":"https:\/\/www.optimiseconsulting.eu\/index.php\/wp-json\/wp\/v2\/pages"}],"about":[{"href":"https:\/\/www.optimiseconsulting.eu\/index.php\/wp-json\/wp\/v2\/types\/page"}],"author":[{"embeddable":true,"href":"https:\/\/www.optimiseconsulting.eu\/index.php\/wp-json\/wp\/v2\/users\/2"}],"replies":[{"embeddable":true,"href":"https:\/\/www.optimiseconsulting.eu\/index.php\/wp-json\/wp\/v2\/comments?post=1022"}],"version-history":[{"count":0,"href":"https:\/\/www.optimiseconsulting.eu\/index.php\/wp-json\/wp\/v2\/pages\/1022\/revisions"}],"wp:attachment":[{"href":"https:\/\/www.optimiseconsulting.eu\/index.php\/wp-json\/wp\/v2\/media?parent=1022"}],"curies":[{"name":"wp","href":"https:\/\/api.w.org\/{rel}","templated":true}]}}