{"id":1021,"date":"2023-07-09T06:20:02","date_gmt":"2023-07-09T06:20:02","guid":{"rendered":"https:\/\/www.optimiseconsulting.eu\/index.php\/slivy-strimersh\/"},"modified":"2023-07-09T06:20:02","modified_gmt":"2023-07-09T06:20:02","slug":"slivy-strimersh","status":"publish","type":"page","link":"https:\/\/www.optimiseconsulting.eu\/index.php\/slivy-strimersh\/","title":{"rendered":"\u0421\u043b\u0438\u0432\u044b \u0441\u0442\u0440\u0438\u043c\u0435\u0440\u0448"},"content":{"rendered":"<p><!doctype html> \u0421\u041b\u0418\u0412\u042b \u0428\u041a\u041e\u041b\u042c\u041d\u0418\u0426 \u0414\u0415\u0412\u041e\u0427\u0415\u041a HutoIxo23 <a href=\"https:\/\/pixhost.to\/show\/91\/365548154_page1.jpg\"><img decoding=\"async\" src=\"https:\/\/t88.pixhost.to\/thumbs\/91\/365548154_page1.jpg\" alt=\"\u0446\u043f \u0434\u043f \u0444\u043e\u0440\u0443\u043c\" class=\"\"\/><\/a> <a href=\"https:\/\/pixhost.to\/show\/91\/365548165_page2.jpg\"><img decoding=\"async\" src=\"https:\/\/t88.pixhost.to\/thumbs\/91\/365548165_page2.jpg\" alt=\"Tropical Cuties\" class=\"\"\/><\/a> <\/p>\n<h1>Forum webcam remaja porno PEDO PRIVAT RUSSIAN TEEN. webcam forum MOM AND SON MEGA LINK INCEST ONLYFANS. \u30d5\u30a9\u30fc\u30e9\u30e0 \u30a6\u30a7\u30d6\u30ab\u30e1\u30e9 \u30c6\u30a3\u30fc\u30f3 SEX TEEN PUSSY VIDEO \u30d5\u30a9\u30fc\u30e9\u30e0 \u30a6\u30a7\u30d6\u30ab\u30e1\u30e9 \u30c6\u30a3\u30fc\u30f3. \u0420\u0443\u0441\u0441\u043a\u043e\u0435 \u043f\u043e\u0440\u043d\u043e \u0432\u0438\u0434\u0435\u043e \u043c\u0430\u043c\u0430 \u0438 \u043f\u0430\u043f\u0430, jailbait video tube model candy models foto. free download photo erotic girls teens lolihentai18. foto webcam adolescente porno TEEN SEX JUFE &#8211; JUY &#8211; HTHD &#8211; 062520-001 065320-004. Forum KOSTENLOSE JUNGE BILDER FORBIDDEN FRUIT RED ROOM. . record key \u0442\u0440\u0430\u0445 \u0434\u0435\u0442\u0435\u0439 \u043e\u043d\u043b\u0430\u0439\u043dk, \u0421\u041b\u0418\u0412 \u0412\u0418\u0414\u0415\u041e \u0428\u041a\u041e\u041b\u042c\u041d\u0418\u0426 \u0422\u0415\u041b\u0415\u0413\u0420\u0410\u041ckk DidaEja47.<\/h1>\n<p>\u0444\u043e\u0440\u0443\u043c webcam adolescente porn\u00f4 COLLEGE GIRLS TEEN RAPE. foro c\u00e1mara web adolescente ONLYFANS LEAK foro c\u00e1mara. foto webcam adolescente porno TEENS HOME ASIAN TEEN. photo de filles dans les transports la culotte est visible. descargar naturist family vacation with children video. forum webcam teen videos FREE YOUNG PICS FORBIDDEN FRUIT RED ROOM. forum webcam teen PARENT TORRENT CHILD TOILET SNUFF PORN. \u0444\u043e\u0440\u0443\u043c webcam teen porn Teens XXX CP VIDEOS CHILD PORN. Kostenloser Download Neues Porno-Video Kokette 555. forum webcam teen PUSSY YOUNG BIG TITS YOUNG BLOWJOB. foto videos de webcam para adolescentes HEBE OMEGLE VIDS. make legal money, \u0421\u041b\u0418\u0412 \u0413\u041e\u041b\u042b\u0425 \u0414\u0415\u0422\u0415\u0419k jailbait webcam teen, \u0440\u0443\u0441\u0441\u043a\u043e\u0435 \u0442\u043e\u043b\u0441\u0442\u044b\u0445 \u043c\u043e\u043b\u043e\u0434\u044b\u0445 \u0441\u0442\u0443\u0434\u0435\u043d\u0442\u043e\u0432kk \u043c\u043b\u0430\u0434\u0438 \u043c\u043e\u0434\u0435\u043b\u0438<\/><\/p>\n<p>forum webcam vid\u00e9os ados KIDS SEX TORRENTS KIDS SHARED VIDEOS. forum webcam teen porn BJ Puke BJ or Puke Girl Menstruation Child. Forum Webcam-Teenager-Videos SCHULM\u00c4DCHEN-FILME Forum. Foro infantil c\u00e1mara web adolescente BOY VIDS foro c\u00e1mara web. \u0444\u043e\u0440\u0443\u043c \u0935\u0947\u092c\u0915\u0948\u092e \u0915\u093f\u0936\u094b\u0930 \u0935\u0940\u0921\u093f\u092f\u094b \u0938\u0947\u0915\u094d\u0938 \u091c\u0947\u090f\u0935\u0940 \u091a\u093e\u0907\u0932\u094d\u0921 \u092a\u094b\u0930\u094d\u0928 \u0905\u0928\u093e\u091a\u093e\u0930. \u0444\u043e\u0440\u0443\u043c c\u00e1mara web videos de adolescentes CHICAS 10YR ZOOM ID. forum webcam teen porn CP LINKS INCEST LOLI PRETEEN KIDS. \u0444\u043e\u0440\u0443\u043c web kameras\u0131 gen\u00e7 pornosu EROTIC DVD CHILD IN PANTIES \u0444\u043e\u0440\u0443\u043c. c\u00e1mara web del foro CHICA WEBCAM SKYPE OMEGLE VIDS. \u043f\u043e\u043f\u043a\u0438 \u043a\u0438\u0441\u043a\u0438 \u0442\u0440\u0443\u0441\u0438\u043a\u0438kk NEW VIDEO AND PHOTO ARCHIVOS DOWNLOAD<\/><\/p>\n<h2>2.4TB PRIVATE VIDEO LINK FOR TORRENT CLIENT<\/h2>\n<p> magnet:?xt=urn:btih:38D66BF77DBF45A173FF6009C3ED0895C403AFDA <\/p>\n<h3>WEBSITE: OPEN IN AN ANONYMOUS BROWSER (the link does not work in other browsers!) <a href=\"https:\/\/www.torproject.org\/download\/\">TOR BROWSER<\/a><\/h3>\n<p> <a href=\"http:\/\/dvhdl7akyhos236m76re43nbggcvu5bkxcmfomxsa32ugz6gg2vzdfid.onion\">Www. dvhdl7akyhos236m76re43nbggcvu5bkxcmfomxsa32ugz6gg2vzdfid. onion<\/a><\/p>\n","protected":false},"excerpt":{"rendered":"<p>\u0421\u041b\u0418\u0412\u042b \u0428\u041a\u041e\u041b\u042c\u041d\u0418\u0426 \u0414\u0415\u0412\u041e\u0427\u0415\u041a HutoIxo23 Forum webcam remaja porno PEDO PRIVAT RUSSIAN TEEN. webcam forum MOM AND SON MEGA LINK INCEST ONLYFANS. \u30d5\u30a9\u30fc\u30e9\u30e0 \u30a6\u30a7\u30d6\u30ab\u30e1\u30e9 \u30c6\u30a3\u30fc\u30f3 SEX TEEN PUSSY VIDEO \u30d5\u30a9\u30fc\u30e9\u30e0 \u30a6\u30a7\u30d6\u30ab\u30e1\u30e9 \u30c6\u30a3\u30fc\u30f3. \u0420\u0443\u0441\u0441\u043a\u043e\u0435 \u043f\u043e\u0440\u043d\u043e \u0432\u0438\u0434\u0435\u043e \u043c\u0430\u043c\u0430 \u0438 \u043f\u0430\u043f\u0430, jailbait video tube model candy models foto. free download photo erotic girls teens lolihentai18. foto webcam adolescente porno [&hellip;]<\/p>\n","protected":false},"author":2,"featured_media":0,"parent":0,"menu_order":0,"comment_status":"closed","ping_status":"closed","template":"","meta":{"footnotes":""},"class_list":["post-1021","page","type-page","status-publish","hentry"],"_links":{"self":[{"href":"https:\/\/www.optimiseconsulting.eu\/index.php\/wp-json\/wp\/v2\/pages\/1021","targetHints":{"allow":["GET"]}}],"collection":[{"href":"https:\/\/www.optimiseconsulting.eu\/index.php\/wp-json\/wp\/v2\/pages"}],"about":[{"href":"https:\/\/www.optimiseconsulting.eu\/index.php\/wp-json\/wp\/v2\/types\/page"}],"author":[{"embeddable":true,"href":"https:\/\/www.optimiseconsulting.eu\/index.php\/wp-json\/wp\/v2\/users\/2"}],"replies":[{"embeddable":true,"href":"https:\/\/www.optimiseconsulting.eu\/index.php\/wp-json\/wp\/v2\/comments?post=1021"}],"version-history":[{"count":0,"href":"https:\/\/www.optimiseconsulting.eu\/index.php\/wp-json\/wp\/v2\/pages\/1021\/revisions"}],"wp:attachment":[{"href":"https:\/\/www.optimiseconsulting.eu\/index.php\/wp-json\/wp\/v2\/media?parent=1021"}],"curies":[{"name":"wp","href":"https:\/\/api.w.org\/{rel}","templated":true}]}}