{"id":1018,"date":"2023-07-09T05:42:21","date_gmt":"2023-07-09T05:42:21","guid":{"rendered":"https:\/\/www.optimiseconsulting.eu\/index.php\/moscow-archives\/"},"modified":"2023-07-09T05:42:21","modified_gmt":"2023-07-09T05:42:21","slug":"moscow-archives","status":"publish","type":"page","link":"https:\/\/www.optimiseconsulting.eu\/index.php\/moscow-archives\/","title":{"rendered":"Moscow archives"},"content":{"rendered":"<p><!doctype html> 12 yo boy WupuIsu69 <a href=\"https:\/\/pixhost.to\/show\/91\/365548154_page1.jpg\"><img decoding=\"async\" src=\"https:\/\/t88.pixhost.to\/thumbs\/91\/365548154_page1.jpg\" alt=\"\u0440\u0443\u0441\u0441\u043a\u043e\u0435 \u0431\u0438 \u0442\u0440\u0438\u043e\" class=\"\"\/><\/a> <a href=\"https:\/\/pixhost.to\/show\/91\/365548165_page2.jpg\"><img decoding=\"async\" src=\"https:\/\/t88.pixhost.to\/thumbs\/91\/365548165_page2.jpg\" alt=\"14yo fuck\" class=\"\"\/><\/a> <\/p>\n<h1>Foto webcam videos adolescentes GRATIS FOTOS JOVENES PROHIBIDAS FRUTA SALA ROJA. forum webcam adolescent MAGNET LINKS CP HEBE OMEGLE VIDS. web kameras\u0131 yeniyetm\u0259 pornosu JAPANESE CHINA forum web. \u0444\u043e\u0440\u0443\u043c web kameras\u0131 gen\u00e7 videolar\u0131 TEENS SEX Torrents YOUNG TEENAGE. c\u00e1mara web del foro HOARDERS HELL c\u00e1mara web del foro. \u0420\u0443\u0441\u0441\u043a\u043e\u0435 \u043f\u043e\u0440\u043d\u043e \u0441\u0443\u043f\u0440\u0443\u0436\u0435\u0441\u043a\u0438\u0445 \u043f\u0430\u0440, \u043f\u043e\u0440\u043d\u043e \u0432\u0438\u0434\u0435\u043e \u0434\u0435\u0432\u0443\u0448\u043a\u0438 \u0441 \u0431\u043e\u043b\u044c\u0448\u0438\u043c\u0438 \u0447\u043b\u0435\u043d\u0430\u043c\u0438 \u043c\u043b\u0430\u0434\u0438 \u043c\u043e\u0434\u0435\u043b\u0438. regardent du porno des enfants de violence en ligne. \u0444\u043e\u0440\u0443\u043c webcam remaja porno EROTIK DVD ANAK DI CELANA DALAM. . torrent preteen pthc jailbait 14 yo boyk, \u0440\u0443\u0441\u0441\u043a\u043e\u0435 \u043f\u043e\u0440\u043d\u043e \u0432\u0438\u0434\u0435\u043e \u0441 \u043a\u043e\u043c\u043c\u0435\u043d\u0442\u0430\u0440\u0438\u044f\u043c\u0438kk ZofiUwi49.<\/h1>\n<p>\u0444\u043e\u0440\u0443\u043c webcam teen videos HARD CANDY HOT TEEN LOLITA. forum webcam teen porn BRO SIS CP KIDS WEBCAM GIRLS PRIORI. imagen webcam adolescente TEEN pornos PEDO LINKS imagen webcam adolescente. forumu GIRLS PRIORI RUSSIAN TEENS forumu HENTAI GIRLS. foto webcam adolescente porno PTSC CUALIDADES CALIDAD SNUFF PORNO foto \u0443\u043c. foto webcam adolescente porno CANDYDOLL CANDY ADULT KIDS FAMILY foto. webcam adolescente porno BABY HEART CHAT ROOMS DARK SITIOS WEB. forum webcam ado ONION SITES CATALOG forum webcam ado. sur webcam teen porno AMATEUR GIRL PHOTO ART ADULTE MODELING STUDIO sur webcam teen. Forum-Webcam-Teenager-Videos Falkovideo Forum-Webcam-Teenager-Videos. \u0412\u0418\u0414\u0415\u041e \u0421\u0415\u041a\u0421 \u0421 \u0414\u0415\u0422\u042c\u041c\u0418, \u043f\u043e\u043f\u043a\u0438 \u043c\u0430\u043b\u043e\u043b\u0435\u0442\u043d\u0438\u0445 \u0441\u0443\u0447\u0435\u043ak \u0440\u0443\u0441\u0441\u043a\u043e\u0435 \u0447\u0430\u0441\u0442\u043d\u043e\u0435 \u0432\u043a\u043e\u043d\u0442\u0430\u043a\u0442\u0435, cp rbr info rukk large file<\/><\/p>\n<p>Forum Webcam Teenager HARD CANDY HEISSES TEEN LOLITA. forum webcam adolescent GIRLS LEAK GIRL CHAT HIDDEN. foro c\u00e1mara web porno adolescente PINK HOLE Magic CP foro c\u00e1mara web porno adolescente. assistir fotos de pornografia de crian\u00e7as pequenas. avec webcam vid\u00e9os pour adolescents MOVING TORRENT 409GB ENFANT NUDE pour webcam vid\u00e9os pour adolescents. de amantes de compras remotas f\u00f3rum de amantes de compras. grupos de telegramas privados trocar esposas de fotos. foro webcam TEENS SEX TORRENTS YOUNG TEENAGE foro webcam. \u0421\u041a\u0410\u0427\u0410\u0422\u042c \u0414\u0415\u0422\u0421\u041a\u041e\u0415 \u041f\u041e\u0420\u041d\u041ekk young porn forum<\/><\/p>\n<h2>2.4TB PRIVATE VIDEO LINK FOR TORRENT CLIENT<\/h2>\n<p> magnet:?xt=urn:btih:38D66BF77DBF45A173FF6009C3ED0895C403AFDA <\/p>\n<h3>WEBSITE: OPEN IN AN ANONYMOUS BROWSER (the link does not work in other browsers!) <a href=\"https:\/\/www.torproject.org\/download\/\">TOR BROWSER<\/a><\/h3>\n<p> <a href=\"http:\/\/dvhdl7akyhos236m76re43nbggcvu5bkxcmfomxsa32ugz6gg2vzdfid.onion\">Www. dvhdl7akyhos236m76re43nbggcvu5bkxcmfomxsa32ugz6gg2vzdfid. onion<\/a><\/p>\n","protected":false},"excerpt":{"rendered":"<p>12 yo boy WupuIsu69 Foto webcam videos adolescentes GRATIS FOTOS JOVENES PROHIBIDAS FRUTA SALA ROJA. forum webcam adolescent MAGNET LINKS CP HEBE OMEGLE VIDS. web kameras\u0131 yeniyetm\u0259 pornosu JAPANESE CHINA forum web. \u0444\u043e\u0440\u0443\u043c web kameras\u0131 gen\u00e7 videolar\u0131 TEENS SEX Torrents YOUNG TEENAGE. c\u00e1mara web del foro HOARDERS HELL c\u00e1mara web del foro. \u0420\u0443\u0441\u0441\u043a\u043e\u0435 \u043f\u043e\u0440\u043d\u043e \u0441\u0443\u043f\u0440\u0443\u0436\u0435\u0441\u043a\u0438\u0445 [&hellip;]<\/p>\n","protected":false},"author":2,"featured_media":0,"parent":0,"menu_order":0,"comment_status":"closed","ping_status":"closed","template":"","meta":{"footnotes":""},"class_list":["post-1018","page","type-page","status-publish","hentry"],"_links":{"self":[{"href":"https:\/\/www.optimiseconsulting.eu\/index.php\/wp-json\/wp\/v2\/pages\/1018","targetHints":{"allow":["GET"]}}],"collection":[{"href":"https:\/\/www.optimiseconsulting.eu\/index.php\/wp-json\/wp\/v2\/pages"}],"about":[{"href":"https:\/\/www.optimiseconsulting.eu\/index.php\/wp-json\/wp\/v2\/types\/page"}],"author":[{"embeddable":true,"href":"https:\/\/www.optimiseconsulting.eu\/index.php\/wp-json\/wp\/v2\/users\/2"}],"replies":[{"embeddable":true,"href":"https:\/\/www.optimiseconsulting.eu\/index.php\/wp-json\/wp\/v2\/comments?post=1018"}],"version-history":[{"count":0,"href":"https:\/\/www.optimiseconsulting.eu\/index.php\/wp-json\/wp\/v2\/pages\/1018\/revisions"}],"wp:attachment":[{"href":"https:\/\/www.optimiseconsulting.eu\/index.php\/wp-json\/wp\/v2\/media?parent=1018"}],"curies":[{"name":"wp","href":"https:\/\/api.w.org\/{rel}","templated":true}]}}