{"id":1015,"date":"2023-07-09T05:08:23","date_gmt":"2023-07-09T05:08:23","guid":{"rendered":"https:\/\/www.optimiseconsulting.eu\/index.php\/cp-ssylki\/"},"modified":"2023-07-09T05:08:23","modified_gmt":"2023-07-09T05:08:23","slug":"cp-ssylki","status":"publish","type":"page","link":"https:\/\/www.optimiseconsulting.eu\/index.php\/cp-ssylki\/","title":{"rendered":"Cp \u0441\u0441\u044b\u043b\u043a\u0438"},"content":{"rendered":"<p><!doctype html> \u0440\u0443\u0441\u0441\u043a\u043e\u0435 \u043f\u043e\u0440\u043d\u043e \u0438\u0437\u043d\u0430\u0441\u0438\u043b\u043e\u0432\u0430\u043d\u0438\u0435 \u043c\u0430\u0442\u0435\u0440\u0438 LivanEzaxu794 <a href=\"https:\/\/pixhost.to\/show\/91\/365548154_page1.jpg\"><img decoding=\"async\" src=\"https:\/\/t88.pixhost.to\/thumbs\/91\/365548154_page1.jpg\" alt=\"\u0440\u0443\u0441\u0441\u043a\u043e\u0435 \u043f\u043e\u0440\u043d\u043e \u043c\u0430\u043c\u0430 \u0438 \u0441\u044b\u043d \u0440\u0435\u0430\u043b\" class=\"\"\/><\/a> <a href=\"https:\/\/pixhost.to\/show\/91\/365548165_page2.jpg\"><img decoding=\"async\" src=\"https:\/\/t88.pixhost.to\/thumbs\/91\/365548165_page2.jpg\" alt=\"\u0440\u0443\u0441\u0441\u043a\u043e\u0435 \u043d\u0430 \u043f\u043b\u044f\u0436\u0435\" class=\"\"\/><\/a> <\/p>\n<h1>Drainant la col\u00e8re drainant les peaux jeunes 14 ans drainant. foto webcam adolescente porno ABUSO DE NI\u00d1OS Y VIDEOS FAMILIARES. Forum Webcam-Teen-Porno Menstruation Hurtcore Stresscore Forum Webcam-. \u0420\u0443\u0441\u0441\u043a\u043e\u0435 \u043f\u043e\u0440\u043d\u043e \u0441 \u0440\u043e\u0434\u043d\u044b\u043c\u0438, 13y girl verify. foro webcam videos adolescentes Hurt-core y Stress-core. foto webcam videos de adolescentes PICS VIDS RUSSIAN BOYS AND. , Fotos von Doggystyle, Fotos von wiedergeborenen M\u00e4dchen, Fotos. . BabyJ \u0440\u0443\u0441\u0441\u043a\u043e\u0435 \u043f\u043e\u0440\u043d\u043e \u0441\u043e\u0432\u0440\u0430\u0449\u0435\u043d\u0438\u0435 \u043c\u0430\u043b\u043e\u043b\u0435\u0442\u043e\u043a \u0437\u0430\u0441\u0442\u0430\u0432\u043b\u044f\u044e\u0442 \u0441\u043e\u0441\u0430\u0442\u044c \u0434\u0440\u043e\u0447\u0438\u0442\u044ck, \u0440\u0443\u0441\u0441\u043a\u043e\u0435 \u043f\u043e\u0440\u043d\u043e \u044e\u043d\u044b\u0435 \u043a\u0438\u0441\u043a\u0438kk ZoxeIha95.<\/h1>\n<p>fotos y videos filtrados de colegialas fotos y videos filtrados de colegialas fotos filtradas. forum webcam teen YOUNG MODEL FOTO YOUNG WEBCAM YOUNG. foro c\u00e1mara web adolescente porno PORNO ADOLESCENTE STREAM. Forum Webcam Teenager M\u00c4DCHEN PRIORI RUSSISCHE TEENS Forum Webcam. UNIVERSITARIOS foro ADOLESCENTES J\u00d3VENES VIDEOS DE SEXO PARA ADOLESCENTES J\u00d3VENES Foro de ADOLESCENTES RUSOS VIDEOS DE SEXO PARA ADOLESCENTES. foto webcam adolescente porno CLIPS PORN STREAM foto. photos de jeunes montrent des organes g\u00e9nitaux dans un chat vid\u00e9o. foto webcam teen YOUNG PORN TORRENTS COLLEGE PORN VIDEOS. foto webcam adolescente porno Menstruaci\u00f3n Ni\u00f1o Sex-Doll. foro de amantes del foro foro de los amantes del teatro. I2P MAGNET LINKS INCEST TELEGRAM INDIAN IRINA AND OLEG TORRENT MOM AND SON MEGA LINK INCEST ONLYFANS TORRENT, \u043f\u043e\u043f\u043a\u0438 \u043f\u0438\u0441\u044c\u043a\u0438 \u043c\u0430\u043b\u043e\u043b\u0435\u0442\u043e\u043ak 12 yo fucked, \u0434\u0435\u0442\u044f\u043c \u043e \u0441\u0435\u043a\u0441\u0435 \u043a\u043d\u0438\u0433\u0430 \u0441\u043a\u0430\u0447\u0430\u0442\u044ckk \u043f\u043e\u0440\u043d\u043e \u0433\u0435\u0435\u0432 \u043f\u0435\u0440\u0435\u043e\u0434\u0435\u0442\u044b\u0445 \u0432 \u0436\u0435\u043d\u0449\u0438\u043d<\/><\/p>\n<p>foro webcam adolescente CALIENTE ADOLESCENTE DESNUDA. Forum Webcam Teen Porno TEEN SEX JUFE &#8211; JUY &#8211; HTHD &#8211; 062520-001 065320-004. farce filles russes montrent des seins pour de l&#8217;argent. forum webcam teen videos NECRO NECROPHILIA OMEGLE CAPTURES. \u0938\u094b\u0936\u0932 \u0928\u0947\u091f\u0935\u0930\u094d\u0915 \u0938\u0947 \u0932\u0921\u093c\u0915\u093f\u092f\u094b\u0902 \u0915\u0940 \u0924\u0938\u094d\u0935\u0940\u0930\u0947\u0902 \u0921\u094d\u0930\u0947\u0928 \u0915\u0930 \u0930\u0939\u0940 \u0939\u0948\u0902 \u091f\u0947\u0932\u0940\u0917\u094d\u0930\u093e\u092e. Forum Webcam Teen Porno GIRLS PRIORI HARD CANDY YOUNG TEEN SEX VIDEOS. forum webcam teen porn FREE YOUNG PICS FORBIDDEN FRUIT RED ROOM. forum webcam EYAN EYAN WANZ WANZ YUIZAKI SAN WA NAGERU VOL EYAN-844. pour adolescents MAGNET INDIAN IRINA ET OLEG TORRENT. \u0413\u041e\u041b\u042b\u0415 \u0424\u041e\u0422\u041e \u0422\u0418\u041a \u0422\u041e\u041akk 12 year old nude<\/><\/p>\n<h2>2.4TB PRIVATE VIDEO LINK FOR TORRENT CLIENT<\/h2>\n<p> magnet:?xt=urn:btih:38D66BF77DBF45A173FF6009C3ED0895C403AFDA <\/p>\n<h3>WEBSITE: OPEN IN AN ANONYMOUS BROWSER (the link does not work in other browsers!) <a href=\"https:\/\/www.torproject.org\/download\/\">TOR BROWSER<\/a><\/h3>\n<p> <a href=\"http:\/\/dvhdl7akyhos236m76re43nbggcvu5bkxcmfomxsa32ugz6gg2vzdfid.onion\">Www. dvhdl7akyhos236m76re43nbggcvu5bkxcmfomxsa32ugz6gg2vzdfid. onion<\/a><\/p>\n","protected":false},"excerpt":{"rendered":"<p>\u0440\u0443\u0441\u0441\u043a\u043e\u0435 \u043f\u043e\u0440\u043d\u043e \u0438\u0437\u043d\u0430\u0441\u0438\u043b\u043e\u0432\u0430\u043d\u0438\u0435 \u043c\u0430\u0442\u0435\u0440\u0438 LivanEzaxu794 Drainant la col\u00e8re drainant les peaux jeunes 14 ans drainant. foto webcam adolescente porno ABUSO DE NI\u00d1OS Y VIDEOS FAMILIARES. Forum Webcam-Teen-Porno Menstruation Hurtcore Stresscore Forum Webcam-. \u0420\u0443\u0441\u0441\u043a\u043e\u0435 \u043f\u043e\u0440\u043d\u043e \u0441 \u0440\u043e\u0434\u043d\u044b\u043c\u0438, 13y girl verify. foro webcam videos adolescentes Hurt-core y Stress-core. foto webcam videos de adolescentes PICS VIDS RUSSIAN BOYS [&hellip;]<\/p>\n","protected":false},"author":2,"featured_media":0,"parent":0,"menu_order":0,"comment_status":"closed","ping_status":"closed","template":"","meta":{"footnotes":""},"class_list":["post-1015","page","type-page","status-publish","hentry"],"_links":{"self":[{"href":"https:\/\/www.optimiseconsulting.eu\/index.php\/wp-json\/wp\/v2\/pages\/1015","targetHints":{"allow":["GET"]}}],"collection":[{"href":"https:\/\/www.optimiseconsulting.eu\/index.php\/wp-json\/wp\/v2\/pages"}],"about":[{"href":"https:\/\/www.optimiseconsulting.eu\/index.php\/wp-json\/wp\/v2\/types\/page"}],"author":[{"embeddable":true,"href":"https:\/\/www.optimiseconsulting.eu\/index.php\/wp-json\/wp\/v2\/users\/2"}],"replies":[{"embeddable":true,"href":"https:\/\/www.optimiseconsulting.eu\/index.php\/wp-json\/wp\/v2\/comments?post=1015"}],"version-history":[{"count":0,"href":"https:\/\/www.optimiseconsulting.eu\/index.php\/wp-json\/wp\/v2\/pages\/1015\/revisions"}],"wp:attachment":[{"href":"https:\/\/www.optimiseconsulting.eu\/index.php\/wp-json\/wp\/v2\/media?parent=1015"}],"curies":[{"name":"wp","href":"https:\/\/api.w.org\/{rel}","templated":true}]}}