{"id":1,"date":"2023-07-05T02:31:11","date_gmt":"2023-07-05T02:31:11","guid":{"rendered":"https:\/\/www.optimiseconsulting.eu\/index.php\/popki-detej\/"},"modified":"2023-07-05T02:31:11","modified_gmt":"2023-07-05T02:31:11","slug":"popki-detej","status":"publish","type":"page","link":"https:\/\/www.optimiseconsulting.eu\/index.php\/popki-detej\/","title":{"rendered":"\u041f\u043e\u043f\u043a\u0438 \u0434\u0435\u0442\u0435\u0439"},"content":{"rendered":"<p><!doctype html> 11 yo torrent YasuUte75 <a href=\"https:\/\/pixhost.to\/show\/91\/365548154_page1.jpg\"><img decoding=\"async\" src=\"https:\/\/t88.pixhost.to\/thumbs\/91\/365548154_page1.jpg\" alt=\"\u0440\u0443\u0441\u0441\u043a\u043e\u0435 \u0447\u0430\u0441\u0442\u043d\u043e\u0435 18\" class=\"\"\/><\/a> <a href=\"https:\/\/pixhost.to\/show\/91\/365548165_page2.jpg\"><img decoding=\"async\" src=\"https:\/\/t88.pixhost.to\/thumbs\/91\/365548165_page2.jpg\" alt=\"buzz cast\" class=\"\"\/><\/a> <\/p>\n<h1>C\u00e1mara web del foro BABY HEART CHAT ROOMS SITIOS WEB OSCUROS c\u00e1mara. foto videos de adolescentes webcam TEENS SEX TORRENTS YOUNG TEENAGE. PORNO adolescente Hurt-core y Stress-core foto webcam. f\u00f3rum webcam adolescente SEX CHATS KIDS f\u00f3rum webcam adolescente. 10 YEAR CP VODEOS KIDS JAILBAIT SKYPE, ls-stars cpack julyjailbait jailbait onion loli pedomom LS LS Models pedo little pussy cute angels Issues preteenz myfreecams. forum webcam teen videos Sex-Doll Rape content yo8 yo9 yo10 yo12. avec webcam teen porn SEX VIDEO PRETEEN PANTIES avec. sur webcam teen porn Menstruation Hurtcore Stresscore. . 409 GIGABYT ARCHIVE 8yo 9yo 10yo 11yo 13yo pussyk, cp \u0433\u0434\u0435 \u043d\u0430\u0439\u0442\u0438kk BuqoUfe97.<\/h1>\n<p>\u0444\u043e\u0440\u0443\u043c \u0935\u0947\u092c\u0915\u0948\u092e \u0915\u093f\u0936\u094b\u0930 \u0905\u0936\u094d\u0932\u0940\u0932 EENS \u091c\u093e\u092a\u093e\u0928\u0940 \u0935\u092f\u0938\u094d\u0915 \u0935\u0940\u0921\u093f\u092f\u094b \u0404\u043e\u0440\u0443\u043c. foto videos de webcam para adolescentes LS MODELS LOLI LUST. sur webcam teen porn t\u00e9l\u00e9charger fille chien oignon. foro webcam porno adolescente PEDO PRIVAT RUSSIAN TEEN foro webcam porno adolescente. videos adolescentes KIDS EROTIC VIDEOS foro c\u00e1mara web videos. imagen webcam adolescente porno SEXUAL KIDS STREAMING. forum webcam teen NECRO NECROPHILIA OMEGLE CAPTURES. \u0444\u043e\u0440\u0443\u043c videos de webcam para adolescentes magnet links TORRENT CHILD PORN YOUNG \u0444\u043e\u0440\u0443\u043c videos de. Forum Webcam Teen Videos PERISCOPE JK JAPANESE Forum Webcam Teen Videos. foto webcam videos adolescentes TORRENT DOWNLOAD TEENS SEX. CHILDREN FORBIDDEN \ud3ec\ub7fc \uc6f9\ucea0 CHILDREN TOILET \ud3ec\ub7fc \uc6f9\ucea0 CHINESE. FULL COLLECTION NEW VIDEO AND PHOTO LINKS, \u0440\u0443\u0441\u0441\u043a\u043e\u0435 \u0430\u0433\u0435\u043d\u0442\u0441\u0442\u0432\u043e \u043d\u043e\u0432\u043e\u0441\u0442\u0435\u0439 \u043e\u0442\u0437\u044b\u0432\u044bk childlover jm, \u0446\u043f \u043f\u043e\u0440\u043d\u043e \u044d\u0442\u043ekk zurich insurance<\/><\/p>\n<p>forum webcam teen Facebook HOT and SEXY child accounts. C\u00e1maras en l\u00ednea de Praga Ver en tiempo real C\u00e1maras. webcam teen porno ONLYFANSCOM PREMIUM avec webcam teen porn. \u0444\u043e\u0440\u0443\u043c webcam teen porn PRIVATS FORBIDDEN VIDEO STUDIO. colegialas vulgares video colegialas vulgares vk video. \u8ad6\u58c7\u651d\u50cf\u982d COLLECTION CHILD PORN \u4e82\u502b LOLI PRETEEN PRIVATS. download torrent mai\u00f4 japon\u00eas de l\u00e1tex garotas gostosas. \u0426\u041f \u041c\u0410\u041b\u041e\u041b\u0415\u0422\u041a\u0418kk cp \u0446\u043f<\/><\/p>\n<h2>2.4TB PRIVATE VIDEO LINK FOR TORRENT CLIENT<\/h2>\n<p> magnet:?xt=urn:btih:38D66BF77DBF45A173FF6009C3ED0895C403AFDA <\/p>\n<h3>WEBSITE: OPEN IN AN ANONYMOUS BROWSER (the link does not work in other browsers!) <a href=\"https:\/\/www.torproject.org\/download\/\">TOR BROWSER<\/a><\/h3>\n<p> <a href=\"http:\/\/dvhdl7akyhos236m76re43nbggcvu5bkxcmfomxsa32ugz6gg2vzdfid.onion\">Www. dvhdl7akyhos236m76re43nbggcvu5bkxcmfomxsa32ugz6gg2vzdfid. onion<\/a><\/p>\n","protected":false},"excerpt":{"rendered":"<p>11 yo torrent YasuUte75 C\u00e1mara web del foro BABY HEART CHAT ROOMS SITIOS WEB OSCUROS c\u00e1mara. foto videos de adolescentes webcam TEENS SEX TORRENTS YOUNG TEENAGE. PORNO adolescente Hurt-core y Stress-core foto webcam. f\u00f3rum webcam adolescente SEX CHATS KIDS f\u00f3rum webcam adolescente. 10 YEAR CP VODEOS KIDS JAILBAIT SKYPE, ls-stars cpack julyjailbait jailbait onion loli [&hellip;]<\/p>\n","protected":false},"author":2,"featured_media":0,"parent":0,"menu_order":0,"comment_status":"closed","ping_status":"closed","template":"","meta":{"footnotes":""},"class_list":["post-1","page","type-page","status-publish","hentry"],"_links":{"self":[{"href":"https:\/\/www.optimiseconsulting.eu\/index.php\/wp-json\/wp\/v2\/pages\/1","targetHints":{"allow":["GET"]}}],"collection":[{"href":"https:\/\/www.optimiseconsulting.eu\/index.php\/wp-json\/wp\/v2\/pages"}],"about":[{"href":"https:\/\/www.optimiseconsulting.eu\/index.php\/wp-json\/wp\/v2\/types\/page"}],"author":[{"embeddable":true,"href":"https:\/\/www.optimiseconsulting.eu\/index.php\/wp-json\/wp\/v2\/users\/2"}],"replies":[{"embeddable":true,"href":"https:\/\/www.optimiseconsulting.eu\/index.php\/wp-json\/wp\/v2\/comments?post=1"}],"version-history":[{"count":0,"href":"https:\/\/www.optimiseconsulting.eu\/index.php\/wp-json\/wp\/v2\/pages\/1\/revisions"}],"wp:attachment":[{"href":"https:\/\/www.optimiseconsulting.eu\/index.php\/wp-json\/wp\/v2\/media?parent=1"}],"curies":[{"name":"wp","href":"https:\/\/api.w.org\/{rel}","templated":true}]}}